a multiple of 380?
False
Does 78 divide 140868?
True
Is 22 even?
True
Does 35 divide 66?
False
Does 20 divide 14869?
False
Does 5 divide 10581?
False
Is 13968 a multiple of 27?
False
Is 472 a multiple of 8?
True
Is 13 a factor of 871?
True
Is 72 even?
True
Is 50 a factor of 8950?
True
Does 6 divide 6828?
True
Is 195 a multiple of 5?
True
Is 19 a factor of 3781?
True
Does 3 divide 666?
True
Does 58 divide 3439?
False
Is 28 a factor of 24724?
True
Is 49 a factor of 12152?
True
Does 3 divide 174?
True
Is 17 a factor of 323?
True
Does 13 divide 663?
True
Does 24 divide 24?
True
Is 17787 a multiple of 121?
True
Does 46 divide 55?
False
Is 175 a multiple of 3?
False
Does 211 divide 7174?
True
Is 675 a multiple of 16?
False
Does 49 divide 2195?
False
Is 5832 a multiple of 41?
False
Does 18 divide 2069?
False
Does 37 divide 20017?
True
Is 370 a multiple of 9?
False
Does 109 divide 66179?
False
Is 153 a factor of 4131?
True
Does 11 divide 13923?
False
Is 3 a factor of 1125?
True
Does 115 divide 7260?
False
Is 13 a factor of 99?
False
Is 12908 a multiple of 14?
True
Does 5 divide 6422?
False
Does 53 divide 1287?
False
Is 11 a factor of 99935?
True
Is 1606 a multiple of 73?
True
Is 544 a multiple of 17?
True
Does 217 divide 36773?
False
Does 8 divide 6856?
True
Does 10 divide 7279?
False
Is 2360 a multiple of 20?
True
Does 47 divide 470?
True
Does 107 divide 83567?
True
Is 113 a factor of 4258?
False
Is 30207 a multiple of 7?
False
Is 10 a factor of 62?
False
Does 68 divide 7297?
False
Is 143 a factor of 2537?
False
Is 132 a multiple of 12?
True
Is 9 a factor of 4643?
False
Is 34 a factor of 1534?
False
Is 25434 a multiple of 3?
True
Is 51 even?
False
Is 4 a factor of 780?
True
Does 21 divide 809?
False
Is 2159 a multiple of 15?
False
Is 90 a factor of 15184?
False
Does 130 divide 21450?
True
Is 532 a multiple of 11?
False
Does 43 divide 10062?
True
Does 41 divide 3280?
True
Is 180 a factor of 54985?
False
Is 33 a factor of 2385?
False
Is 3099 a multiple of 2?
False
Is 21 a factor of 2464?
False
Is 38 a factor of 19304?
True
Does 249 divide 38359?
False
Is 7 a factor of 4679?
False
Is 120 a factor of 13283?
False
Does 3 divide 1293?
True
Is 25 a factor of 700?
True
Is 12 a factor of 5904?
True
Does 13 divide 2496?
True
Does 6 divide 354?
True
Does 10 divide 8760?
True
Is 16434 a multiple of 9?
True
Does 2 divide 683?
False
Does 3 divide 11589?
True
Does 2 divide 206?
True
Is 1027 a multiple of 12?
False
Does 32 divide 234?
False
Does 48 divide 3168?
True
Does 5 divide 104?
False
Is 14 a factor of 142?
False
Does 22 divide 1529?
False
Is 41 a factor of 4283?
False
Does 77 divide 1386?
True
Is 23 a factor of 2022?
False
Is 752 a multiple of 5?
False
Does 5 divide 13147?
False
Does 7 divide 6286?
True
Is 267 a multiple of 9?
False
Is 4660 a multiple of 8?
False
Is 2620 a multiple of 15?
False
Does 14 divide 15904?
True
Is 5780 a multiple of 34?
True
Is 17 a factor of 19720?
True
Does 8 divide 2152?
True
Does 7 divide 33163?
False
Is 945 a multiple of 35?
True
Does 17 divide 349?
False
Is 2346 a multiple of 51?
True
Is 24 a factor of 2640?
True
Does 34 divide 10302?
True
Is 1160 a multiple of 3?
False
Does 62 divide 640?
False
Is 483 a multiple of 31?
False
Does 55 divide 2719?
False
Is 12 a factor of 7728?
True
Does 176 divide 20416?
True
Is 28 a factor of 1148?
True
Is 14708 a multiple of 16?
False
Is 400 a multiple of 80?
True
Is 180 a multiple of 10?
True
Is 835 a multiple of 92?
False
Is 4894 a multiple of 60?
False
Does 49 divide 4828?
False
Does 81 divide 47468?
False
Is 49928 a multiple of 40?
False
Is 5573 a multiple of 46?
False
Is 15 a factor of 495?
True
Does 2 divide 14?
True
Does 7 divide 71?
False
Is 25734 a multiple of 12?
False
Is 768 a multiple of 32?
True
Does 13 divide 4500?
False
Is 6103 a multiple of 17?
True
Is 56 a factor of 784?
True
Is 19 a factor of 4902?
True
Does 17 divide 2425?
False
Does 11 divide 15852?
False
Is 7750 a multiple of 33?
False
Is 68 a factor of 4901?
False
Is 22 a factor of 1758?
False
Is 17 a factor of 891?
False
Is 17 a factor of 43?
False
Is 4279 a multiple of 11?
True
Does 23 divide 138?
True
Is 1089 a multiple of 33?
True
Is 2334 a multiple of 31?
False
Does 6 divide 52?
False
Is 7122 a multiple of 9?
False
Is 35 a factor of 19180?
True
Is 160 a factor of 49056?
False
Is 246 a multiple of 31?
False
Is 283 a factor of 16523?
False
Does 11 divide 1221?
True
Does 14 divide 1946?
True
Is 18876 a multiple of 33?
True
Is 27 a factor of 567?
True
Is 53 a factor of 665?
False
Does 15 divide 7770?
True
Does 62 divide 3223?
False
Is 9954 a multiple of 79?
True
Is 5695 a multiple of 5?
True
Is 28644 a multiple of 33?
True
Does 10 divide 26330?
True
Is 23 a factor of 2024?
True
Does 31 divide 23704?
False
Is 15180 a multiple of 23?
True
Is 14 a factor of 21266?
True
Is 13 a factor of 5577?
True
Does 11 divide 1265?
True
Is 102 a factor of 17238?
True
Is 64 a factor of 74?
False
Is 6567 a multiple of 199?
True
Is 498 a multiple of 8?
False
Does 38 divide 153322?
False
Is 4 a factor of 44?
True
Does 46 divide 2282?
False
Is 755 a multiple of 13?
False
Does 7 divide 26?
False
Does 6 divide 252?
True
Is 7350 a multiple of 30?
True
Is 354 a multiple of 15?
False
Does 42 divide 565?
False
Is 38 a factor of 1801?
False
Is 228 a multiple of 52?
False
Is 387 a multiple of 9?
True
Is 328 even?
True
Does 10 divide 1307?
False
Does 3 divide 300?
True
Is 559 a multiple of 13?
True
Does 46 divide 828?
True
Is 348 a multiple of 58?
True
Does 68 divide 1399?
False
Is 12 a factor of 68952?
True
Is 224 a multiple of 16?
True
Does 41 divide 123?
True
Does 36 divide 2016?
True
Is 2891 a multiple of 16?
False
Is 25885 a multiple of 53?
False
Does 4 divide 15559?
False
Is 2355 a multiple of 4?
False
Does 23 divide 1127?
True
Does 44 divide 21841?
False
Does 20 divide 27821?
False
Does 47 divide 3351?
False
Is 82 a factor of 310?
False
Does 146 divide 18104?
True
Is 298 a factor of 2086?
True
Is 68 a factor of 340?
True
Is 51 a factor of 7803?
True
Does 70 divide 6898?
False
Does 16 divide 1024?
True
Is 28 a factor of 32045?
False
Is 23 a factor of 1058?
True
Is 3161 a multiple of 16?
False
Is 10 a factor of 948?
False
Is 176 a factor of 7985?
False
Does 9 divide 801?
True
Is 27 a factor of 27?
True
Is 180 a multiple of 8?
False
Is 10 a factor of 2322?
False
Is 19 a factor of 4070?
False
Is 20294 a multiple of 139?
True
Is 11 a factor of 363?
True
Is 13 a factor of 988?
True
Is 2 a factor of 266?
True
Does 48 divide 1169?
False
Does 2 divide 750?
True
Does 10 divide 3080?
True
Does 24 divide 48?
True
Is 8 a factor of 41?
False
Is 3083 a multiple of 32?
False
Is 22860 a multiple of 18?
True
Is 6 a factor of 1758?
True
Is 33 a factor of 3359?
False
Is 6493 a multiple of 8?
False
Does 95 divide 5880?
False
Does 35 divide 794?
False
Is 144 a multiple of 33?
False
Is 32 a factor of 2705?
False
Is 2173 a multiple of 41?
True
Does 20 divide 1800?
True
Is 30 a factor of 9690?
True
Is 6 a factor of 125?
False
Does 11 divide 351?
False
Does 5 divide 951?
False
Is 10 a factor of 390?
True
Is 1200 a multiple of 25?
True
Is 17 a factor of 3672?
True
Does 3 divide 2459?
False
Is 44 a factor of 748?
True
Does 35 divide 455?
True
Is 9 a factor of 22?
False
Is 55224 a multiple of 78?
True
Is 3915 a multiple of 100?
False
Is 56 a factor of 676?
False
Is 27 a factor of 1232?
False
Does 27 divide 341?
False
Is 8 a factor of 832?
True
Is 53 a factor of 27878?
True
Does 267 divide 14418?
True
Is 82 a factor of 9575?
False
Is 45679 a multiple of 17?
True
Is 4995 a multiple of 160?
False
Is 13 a factor of 389?
False
Does 8 divide 1652?
False
Is 23647 a multiple of 18?
False
Is 230 a multiple of 44?
False
Does 90 divide 2001?
False
Is 3818 a multiple of 83?
True
Is 13 a factor of 6982?
False
Is 41 a factor of 820?
True
Is 99 a factor of 29453?
False
Does 13 divide 494?
True
Is 45286 a multiple of 25?
False
Does 6 divide 714?
True
Does 122 divide 11956?
True
Is 22 a factor of 1914?
True
Is 107 a factor of 4066?
True
Is 580 a multiple of 10?
True
Is 25 a factor of 152375?
True
Does 4 divide 383?
False
Does 155 divide 7184?
False
Is 8 a factor of 39435?
False
Is 888 a multiple of 12?
True
Is 2400 a multiple of 25?
True
Is 799 a multiple of 21?
False
Does 5 divide 5